 5*l. Let s(v) = v**3 - 9*v**2 - 8*v + 4. Determine s(l).
24
Suppose -2*v - 16 = 4*d, 5*v + 4 + 12 = 2*d. Let z(h) be the second derivative of -h**4/12 - h**3 - h**2 + 51525*h + 2. Give z(v).
6
Let g(v) be the third derivative of -11/6*v**3 + 0*v + 19*v**2 + 1 + 1/12*v**4. What is g(4)?
-3
Let b(z) = 4. Let g(o) = -o**2 - 19. Let l(i) = -3*b(i) - g(i). What is l(-7)?
56
Let u(m) be the third derivative of -41/24*m**4 + 2*m**2 + 1/12*m**5 + 0*m - 4*m**3 + 0. Let i(t) = t**2 - 10*t - 6. Let w(r) = 9*i(r) - 2*u(r). What is w(-8)?
-6
Let p(v) = 8*v + 1. Let c(d) = -30*d + 4. Let y(o) = c(o) + 4*p(o). Give y(7).
22
Let m be 45/(-30) - (70/(-4))/5. Let s(t) = -121*t**2 + 237*t**2 + t**3 + t - 115*t**2 + m. Determine s(0).
2
Let a(c) = 11*c**2 - 3*c + 5. Let p be (3 - 3) + (-6)/(4 + -3). Let x(r) = -31*r**2 + 9*r - 14. Let k(f) = p*x(f) - 17*a(f). Give k(-5).
-11
Let k(d) be the third derivative of d**4/24 + 5*d**3/6 + d**2. Let r = -24806 + 24798. Give k(r).
-3
Let u(l) = -l**3 + 19*l**2 + 13*l + 3. Let t(i) = -31*i**2 - 20*i - 5. Let g(c) = -5*t(c) - 8*u(c). Determine g(1).
8
Let u(l) = 6*l**2 - 4*l - 3. Let i(n) = 57*n + 455. Let f be i(-8). Determine u(f).
7
Let v(h) = 11*h - 43. Let l be v(5). Let n(x) = 3*x**2 - 2*x**2 + 5*x**2 - 2 + 8*x - 13*x**3 + l*x**3. Determine n(7).
5
Let v(t) = -3*t + 10. Let n(f) = f**2 + 6*f - 2. Let p be n(-7). Suppose p*b - 8 = -2*x, -x + 5*b - 17 = -4*x. Determine v(x).
-17
Let c(w) = w**2. Let k(v) be the first derivative of -5*v**3/3 - 9*v - 161. Let q(a) = 4*c(a) + k(a). Calculate q(0).
-9
Let m be 17 + 9 + 740/(-37). Let j(s) = -s**2 + 7*s - 8. Calculate j(m).
-2
Let z(b) = -b**3 - 6*b**2 - b - 10. Let j be (-4)/((-4)/(-24)*-2*-2). Let p be z(j). Let i be (33/6)/(2/p) - 0. Let f(h) = -h - 4. Give f(i).
7
Suppose 668*g + 56 = 654*g. Let q = 14 + -7. Let h(p) = 5*p + 1. Let b(z) = 9*z + 2. Let o(n) = g*b(n) + q*h(n). What is o(-1)?
0
Suppose -2*t + 18*t = 48. Suppose 2*r + 6 = q - 5*q, 0 = 4*q - 3*r - 9. Suppose t*o - 1 = j - q*o, -j = o + 1. Let s(d) = 4*d. Calculate s(j).
-4
Let p be (-9)/(-12) + 3237/(-156). Let f(a) = -3*a**2 - 59*a + 7. Determine f(p).
-13
Suppose -18*n - 31*n + 402 = 18*n. Let l(d) be the first derivative of 2*d**3/3 - 3*d**2 - 7*d + 5. Give l(n).
29
Let m be 3/2 + (-198)/44. Let a be (5/(-10))/(m/42). Let f(t) = 0*t**2 - 69 - 8*t + t**2 + 74. What is f(a)?
-2
Let s = 77 - 82. Let j be (7 + s)*(-15)/(-6). Let d(a) = a**2 - 4*a + 7. Let i(l) = -l**2 + 4*l - 8. Let o(g) = -6*d(g) - 5*i(g). Determine o(j).
-7
Let l(b) = 2*b**2 - b + 1. Let t(f) = -6*f**2 - 3*f + 70. Let o(u) = 2*l(u) + t(u). Let h(d) be the first derivative of o(d). Let x = 2 + -6. Determine h(x).
11
Let o(t) = -4*t - 11. Let y be (-6)/54*-9 + 1. Let u be (-25)/10*(y - 10)/(-4). What is o(u)?
9
Let l be ((-2)/3)/(24/180). Let r(f) = 5*f + 11. Give r(l).
-14
Let f(x) = x - 26. Let j(d) = -3*d + 73. Let k(v) = 17*f(v) + 6*j(v). Calculate k(-3).
-1
Let m(z) be the first derivative of z**3/3 - 9*z**2/2 - 16*z + 3970. Calculate m(-3).
20
Suppose 52*v + 9 = 55*v. Let h be (0 + 5/3)*v. Let d(g) = -2*g**2 - 8*g + h + 2*g**2 + g**2. Give d(8).
5
Let r(d) = -7*d + d**2 - 3*d + 0*d + 23 + 0*d**2. Let g be r(8). Suppose 2*x = -g*x + 9. Let o(f) = -4*f**3 + f. Determine o(x).
-3
Let m(s) be the first derivative of -s**3/3 - 10*s**2 - 2*s + 4141. Give m(-19).
17
Suppose -12 + 228 = 12*g. Suppose g*r - 20*r - 10 = 0. Let b(u) = u**3 + 4*u**2 - 5. Determine b(r).
-30
Let g(y) = 5*y**2 - 10*y - 20. Let i(r) = r**2 - 2*r - 4. Let m(h) = -3*g(h) + 16*i(h). Suppose -1 = -u + 2. Determine m(u).
-1
Let y(f) be the second derivative of -f**8/6720 + f**6/720 + f**5/30 - 115*f**4/12 - 10*f + 4. Let d(g) be the third derivative of y(g). Give d(0).
4
Suppose -4*m = -5*i - 6, -37*i + 35*i + 24 = 5*m. Let j(h) = -225 - 4*h**i + 448 - 230 - 5*h**3 - 6*h + 4*h**3. Calculate j(-3).
2
Let o be (6/(-10))/(4/(-20)). Suppose -4*q = 2*m - 14, o*q = 4*m - 21 - 7. Let d(s) be the first derivative of -s**3/3 + 9*s**2/2 - 4*s - 1328. What is d(m)?
10
Suppose 1333*q - 12442 = -4444. Let k(n) = -4*n**2 + 7*n + 3. Let h(r) = 7*r**2 - 13*r - 7. Let s(y) = -3*h(y) - 5*k(y). Give s(q).
-6
Let t(k) be the second derivative of k**4/6 + 4*k**3/3 - 9*k**2 + 1614*k. Give t(6).
102
Let t(b) = 78*b - 59. Let v(l) = -14*l + 1. Let d(m) = t(m) + 5*v(m). Give d(4).
-22
Let b be ((-1)/(-2))/((-16)/(-4384)). Suppose 0 = -2*o - b + 121. Let r(n) = n**2 + 6*n - 7. Calculate r(o).
9
Let a(u) = 18*u + 1. Let p(c) = 15*c**2 - 797*c + 108. Let k be p(53). Calculate a(k).
37
Let w(k) = 2*k + 3*k**2 + 1 + 2 - 6*k**2 - 2. Let i be (-8)/44 - (-336)/33. Suppose -6*g = -g - i. Give w(g).
-7
Let r(o) = 15 + 103*o + 3*o**2 - 236*o + 10 + o**2 + 108*o. Give r(5).
0
Let g(i) = -i - 1. Let d(q) = -5*q**2 + 2*q + 1. Let y(w) = d(w) + 2*g(w). Suppose -694*t - 1755 = -367. What is y(t)?
-21
Let x(u) = u**2 - u + 2. Suppose -4*k = 4*y - 28, -2*y = 5*k - 42 + 13. Suppose 4*s = 3*z - 1, 2*s + 7*z = 5*z - 18. Let r be (k + s + 4)/1. What is x(r)?
22
Let c(s) = s**3 - 6*s**2 + 7*s - 4. Let z(x) = x**2 - 2*x - 1. Let o be z(2). Let j be (-183)/(-427) - o/(21/75). Give c(j).
-8
Let d(m) = -m**3 + 22*m**2 - 21*m - 6. Suppose -o + v = -0 - 17, 2*o + 4*v - 58 = 0. Let i be d(o). Let h(x) = 3*x + 16. Calculate h(i).
-2
Let r(p) = p**2 + 14*p - 35. Let y be r(-7). Let b be 18/y*48 + 4/14. Let v(n) = n**3 + 10*n**2 - 2*n - 7. What is v(b)?
13
Let j(x) = -28*x - 172. Suppose -80*i + 83*i = -4*n - 34, 0 = 2*i + 5*n + 32. Determine j(i).
-4
Let a be -6 - (5 + -3) - -15. Let z(b) = -b**3 + 8*b**2 - b - 45. Let c be z(a). Let l(i) = 3 - 4*i**2 + 4*i - 1 - 6*i - i**3. Determine l(c).
-1
Let w(m) = -2*m**2 - 7*m + 6. Let z be w(-4). Suppose 0 = -34*d + 33*d + z. Let h(l) be the third derivative of l**4/8 - l**3/2 - l**2. What is h(d)?
3
Let r(p) = -6*p**2 - 2*p + 1. Let x = -135 - -138. Suppose 0 = 3*o - 4*g - x, 4*o - 2*g - 2*g = 4. Calculate r(o).
-7
Let j(z) = 4*z**3 + z**2 - z - 1. Let c(b) = b - 13. Let n be 7 + 35/(-7) + (6 - -3). Let k be c(n). What is j(k)?
-27
Suppose 408 = 11*u - 7*u. Let t = u - 66. Let h = 32 - t. Let b(r) = -r**2 - 6*r - 4. Determine b(h).
4
Suppose -5*p + 24 = 2*r, 0 = 3*p + 2*p - 20. Let n(b) = r*b**3 - 132*b**2 + 12*b - 6*b + 1 - 3*b**3 + 126*b**2. Determine n(-7).
8
Let z(w) be the third derivative of w**6/120 - 19*w**5/30 - 13*w**4/8 - 2*w**3/3 + 38*w**2 - w - 3. Give z(39).
-4
Let d(j) = j. Let c(i) = -2*i - 140. Let o(t) = -c(t) + 2*d(t). Determine o(-35).
0
Let m(o) = -14*o + 128. Let l(b) = -9*b + 80. Let a(i) = -8*l(i) + 5*m(i). Calculate a(-14).
-28
Let w be (-1 + 449/2)*(-4)/(-6). Let u(b) = 51 - b**2 + 7*b - w + 46 + 45. Calculate u(6).
-1
Let g = 32 + -25. Let c(v) = 0*v + v**3 + v**2 + 3 - 3*v - 2*v + g*v. Suppose 5*h = -3*p - 26, 4*h - 3 = -19. Give c(p).
-5
Let i(v) = v**2 + 47*v + 67. Let u(q) = -4*q**2 - 145*q - 190. Let m(s) = -8*i(s) - 3*u(s). Determine m(-14).
-8
Let w(s) = -130*s - 863. Let v(g) = 4*g - 10. Let a(l) = -7*v(l) + w(l). What is a(-5)?
-3
Suppose -l + 17 = 15. Let q(t) = 41*t - 30. Let p be q(16). Let h(f) = 1 + 0*f**3 + 627*f**l - p*f**2 + f - 5*f**3. Determine h(-1).
6
Let j(d) = -d - 47*d**3 + 6*d**3 - 16*d**3 + 4 - 3 + 8*d**3. Determine j(1).
-49
Let c(k) be the third derivative of k**6/120 - k**5/12 + k**4/3 - 16*k**3/3 - 364*k**2 + k. Calculate c(6).
52
Suppose -696 = 349*v + 5151 + 2878. Let u(f) = -f**3 - 28*f**2 - 77*f - 36. Calculate u(v).
14
Suppose 4*c + 122 = 106. Let m = c + 6. Let y(p) = p**3 - 2*p**2 + 3*p - 3. Give y(m).
3
Let d(r) be the third derivative of -r**2 - 29 + 1/2*r**3 - 7/24*r**4 + 0*r - 1/15*r**5 + 1/120*r**6. Determine d(5).
-7
Let z(s) = -16*s + 121*s**2 - 68*s**2 - 52*s**2 - 115. What is z(22)?
17
Suppose 6*m = -3 - 27. Let p be (m - -3)*6*(-2)/(-4). Let w(z) = z. Let q(h) = 5*h - 7. Let d(j) = q(j) - 6*w(j). Give d(p).
-1
Let z(k) be the third derivative of 43*k**4/24 - 301*k**3/6 + 2548*k**2. Give z(7).
0
Let y(c) = -12*c + 1. Let g(n) = -18*n + 3. Let k(q) = 3*g(q) - 5*y(q). Calculate k(3).
22
Let b(z) = z**3 + 7*z**2 + 5*z + 5. Let j(y) = -4*y - 93. Suppose 4*g + 5*k + 78 = 0, 3*k + 0*k + 60 = -3*g. Let p be j(g). Calculate b(p).
30
Let l(k) = k**3 - 10*k**2 + 5*k - 7. Let t(z) = z. Let i(n) = -l(n) - 5*t(n). Let y(m)